 -1) + -15) is divided by 7?
6
Suppose c + 54 = 4*c + 4*r, -47 = -2*c + r. What is the remainder when 87 is divided by c?
21
Let b(r) = -r**2 + 7*r + 19. Suppose 32 = j + 1. Calculate the remainder when j is divided by b(8).
9
Suppose -2*f - 105 = -5*v, 0*v - 5*f = 3*v - 32. Calculate the remainder when v is divided by 8.
3
Let q = -60 + 77. Calculate the remainder when 64 is divided by q.
13
Suppose 0 = 5*h - 0*h - 45. Calculate the remainder when h is divided by 6.
3
Let c(h) = -h**3 - h**2 - h + 7. Suppose 2 = 2*z - 2*g, 2*z + 5*g = -2*z + 22. What is the remainder when c(0) is divided by z?
1
Suppose 0 = -5*w - 29 + 384. Let p = w - 24. Suppose -23*i = -20*i - 48. What is the remainder when p is divided by i?
15
Suppose 0 = -o - 3*o - 16. What is the remainder when 33 is divided by -1 + 2/o*-26?
9
Suppose 3*s - 49 = -10. Calculate the remainder when 49 is divided by s.
10
Suppose -185 = -2*m - 15. Suppose -4*i + m = 5*g, -4*i + 5*g = -i - 20. What is the remainder when 29 is divided by i?
14
Let j be (9/18)/(2/32). What is the remainder when 35 is divided by j*(-12)/8*-1?
11
Calculate the remainder when 91 is divided by (0 - (-1)/(-3))*(-50 + -43).
29
Let o(u) = u - 2. Suppose 0 = 2*d, 0 = -5*h + 8*d - 3*d + 25. Calculate the remainder when o(h) is divided by 2.
1
Suppose h + h = 104. Calculate the remainder when h is divided by 11.
8
Let a(s) = -s**3 - 17*s**2 - 15*s + 31. Calculate the remainder when 19 is divided by a(-16).
4
What is the remainder when 59 is divided by 3/(60/304) + 1/(-5)?
14
Let t = 49 - 17. Let a = 31 - 44. Let p = a + t. Calculate the remainder when 36 is divided by p.
17
What is the remainder when 2/(-4)*(-918)/(-2 + 11) is divided by 11?
7
What is the remainder when 161 is divided by (-41 - (2 - 2))*-1?
38
Let m = -28 + 18. Let w = -5 - m. Calculate the remainder when w is divided by 4.
1
Let a = 21 + -12. Suppose -x - a = -2*x. Calculate the remainder when 33 is divided by x.
6
Let s = 167 + -134. What is the remainder when 96 is divided by s?
30
Suppose 0 = -l + j + 5, 4*l - j - 4 = 4. Calculate the remainder when 1 is divided by l.
0
Let l = 29 - 6. What is the remainder when l is divided by 13?
10
Suppose -186 = -3*v - 3*f, -v - 4*f + 51 + 23 = 0. What is the remainder when v is divided by 20?
18
Let k(g) = -3*g - 4. Let r be k(-3). Suppose 2*h - 11 = r. Suppose -23 = -u - h. Calculate the remainder when 28 is divided by u.
13
Let z be ((-16)/(-10))/2*5. Let l be 65/z - 1/4. Let h = l + 19. What is the remainder when h is divided by 12?
11
Let r(n) = 6*n**3 - n + 1. Suppose 12*f - 15*f - 204 = 0. Calculate the remainder when ((-7)/14)/(2/f) is divided by r(1).
5
Let p be (-19656)/(-66) - 4/(-22). Suppose 0 = -5*m + h + p, -m - 3*m + 224 = 4*h. Calculate the remainder when m is divided by (-244)/(-12) - 2/6.
19
Let a(v) = -12*v**3 - 1. Let f be a(-1). Let n = f - 6. What is the remainder when n is divided by (-1)/(-2)*28/7?
1
Suppose -q + 2 = -0. Let n be ((-4)/(-5))/((-6)/(-15)). Suppose n*b + b = 5*i + 2, 2*b - i - 6 = 0. What is the remainder when b is divided by q?
0
Suppose -3*j = -5*n + 54, 0*j - 14 = -2*n + 5*j. What is the remainder when 23 is divided by n?
11
Let l(o) = o**2 - 3. Let f be l(3). What is the remainder when 47 is divided by (72/(-15))/(f/(-20))?
15
Let b = -53 + 85. What is the remainder when b is divided by 22?
10
Suppose -64 = -3*i - i. Calculate the remainder when 45 is divided by i.
13
Let f = 20 + -14. What is the remainder when (-3 + (-22)/(-6))*f is divided by 2?
0
Let h = 4 - 4. Suppose h = -r + 15 + 10. Calculate the remainder when r is divided by 9.
7
Calculate the remainder when (-5)/(-35) + 1840/7 is divided by 33.
32
Let u = 6 + -4. Suppose -u = -2*k + 10. Suppose b - 15 + k = 3*z, 4*b + 3*z - 96 = 0. Calculate the remainder when b is divided by 11.
10
Let i = -1 + 0. What is the remainder when 1 + -3 + 26 + i is divided by (-6)/(-21) - 108/(-14)?
7
Let s(g) = g**2 - g + 8. Let z be s(7). Suppose 0 = -2*k - 3 + 15. Suppose m - k*m = -z. What is the remainder when 19 is divided by m?
9
Suppose d - 21 = 32. What is the remainder when d is divided by 18?
17
Let v(g) = 2*g**3 - 5*g**2 - 3*g - 2. Calculate the remainder when v(4) is divided by 18.
16
Let q(w) = w**2 - 14*w + 6. Calculate the remainder when q(15) is divided by 8.
5
Let m = -6 - -43. What is the remainder when m is divided by 6/(4 + 37/(-10))?
17
Suppose -5*z + 12 = -3*z. Suppose i + z = -4*c - 0, -4*i = 4*c - 36. What is the remainder when i is divided by 5?
4
Suppose -5*z - t = -2*t - 78, -5*t = z. What is the remainder when 39 is divided by z?
9
Let c = 6 - -72. Calculate the remainder when c is divided by 16.
14
Let z(h) = -4*h - 5. What is the remainder when 57 is divided by z(-5)?
12
Let y(h) = h**2 - 4*h + 11. Suppose -4*i + 135 = i. Calculate the remainder when y(12) is divided by i.
26
Let p = 62 + -50. Calculate the remainder when 29 is divided by p.
5
Let c be (9 + -1)/(10/(-105)). What is the remainder when (4 - c) + 3*-1 is divided by 22?
19
Let t = 109 - 72. Let a(h) = -h**3 - 6*h**2 - 7*h - 7. Let d be a(-5). Suppose -16 = g + d*g, -2*g = -q + t. Calculate the remainder when q is divided by 10.
9
Suppose -3*g + 4*h + 13 = 0, -2*g - 3*h = 3*g - 12. Suppose x - 7 - g = 0. Calculate the remainder when x is divided by 6.
4
Let v(h) = -h**3 + 8*h**2 - 6*h - 3. Let s be v(7). Suppose 0 = -z + s + 15. Calculate the remainder when 56 is divided by z.
18
Suppose -6*p + 13*p - 245 = 0. What is the remainder when p is divided by 18?
17
Suppose -5*p + 38 = 8. Suppose t + 4*y - 36 = y, 4 = 4*y. Let g = t - 22. What is the remainder when g is divided by p?
5
Let l = 11 + -6. Suppose -5 = -l*o + 5. Suppose 0 = 5*q - 4*v - 9, 5*q + 3*v = o*q + 27. What is the remainder when 12 is divided by q?
2
Calculate the remainder when 144/8 + (1 - -2) is divided by 11.
10
Suppose 0 = -5*w - 0*w + 25. Calculate the remainder when -2 - (-1)/((-2)/(-32)) is divided by w.
4
What is the remainder when 12/(-16) - 412/(-16) is divided by 11?
3
Let c(i) = i**2 - 2*i - 2. Let k be c(2). Calculate the remainder when (3/k)/((-2)/12) is divided by 3.
0
Let v(k) = -k**3 - k**2 - k - 4. Calculate the remainder when v(-3) is divided by -1 + 7 - (0 + -3).
8
Let l(r) = 7*r + 12. Let y(w) = w**3 + 2*w**2 + 3*w - 3. What is the remainder when l(9) is divided by y(2)?
18
Suppose 7*o - 57 = 62. What is the remainder when 66 is divided by o?
15
Let i(n) = n**3 - 8*n**2 + 7*n + 3. Let z be i(7). Suppose 2*y + 6 = -0, z*y + 29 = 5*f. Calculate the remainder when 5 is divided by f.
1
Let l(b) = b**3 - 7 - 7*b + 3*b**2 + 2 + b. Let o be l(-4). Suppose -c + o*q + 1 = -15, 2*c + 2*q = 0. Calculate the remainder when c is divided by 2.
0
Let d = -15 + 16. Let k(y) = -y**2 - 9*y - 6. Let b be k(-8). Calculate the remainder when -2*d/b - -28 is divided by 14.
13
Let o = -7 + -2. Let y(b) = b**2 + 8*b - 5. What is the remainder when 14 is divided by y(o)?
2
What is the remainder when 125 is divided by 15 - (2/8 + 13/(-4))?
17
Suppose 4*h - 11 = -x + 3*h, h + 44 = 4*x. Suppose t - 3 = -8. Calculate the remainder when x is divided by (4 + t)/(2/(-8)).
3
Suppose -18 = -2*w - 5*b, -4*b + 2 = 10. Suppose 3*m - 1 - w = 0, 4*m = -5*i - 15. Calculate the remainder when (-33)/i - (-12)/42 is divided by 2.
1
Let y = 27 + -16. Let c = 37 - y. What is the remainder when c is divided by 9?
8
Suppose 0 = -2*g + 5 - 1. Suppose 2*z + 116 = 4*q, -6 - 2 = -g*z. Calculate the remainder when 92 is divided by q.
30
Suppose 16 = -2*l - 2*l, 3*s = l + 37. Calculate the remainder when 30 is divided by s.
8
Let x = 11 + -7. Suppose 0 = -s - 3*s - x. Calculate the remainder when 33 is divided by (63/35)/(s/(-5)).
6
Let z(f) = -f**3 + 6*f**2 - 3*f - 6. Suppose 0 = -3*i + 2*i + 6. Suppose 0 = 3*o + y - 12, -8 = -o + 3*y + i. Calculate the remainder when o is divided by z(5).
1
Let b = -21 - -58. What is the remainder when b is divided by 3 + 4 - 10 - -8*2?
11
Let b(k) = -28*k - 8. Let t(x) = 14*x + 4. Let p(z) = 4*b(z) + 9*t(z). What is the remainder when 93 is divided by p(2)?
29
Let f = 128 - 119. Suppose 0 = 4*n - v - 23 - 34, -75 = -4*n - 5*v. Calculate the remainder when n is divided by f.
6
Let u = 42 - 34. Calculate the remainder when 20 is divided by u.
4
What is the remaind